{"id":20,"date":"2024-07-01T14:15:49","date_gmt":"2024-07-01T14:15:49","guid":{"rendered":"http:\/\/elart.dk\/?page_id=20"},"modified":"2025-09-17T07:33:12","modified_gmt":"2025-09-17T07:33:12","slug":"om","status":"publish","type":"page","link":"https:\/\/elart.dk\/index.php\/om\/","title":{"rendered":"Om mig"},"content":{"rendered":"\t\t<div data-elementor-type=\"wp-page\" data-elementor-id=\"20\" class=\"elementor elementor-20\">\n\t\t\t\t<div class=\"elementor-element elementor-element-7a8d06c e-flex e-con-boxed e-con e-parent\" data-id=\"7a8d06c\" data-element_type=\"container\" data-e-type=\"container\">\n\t\t\t\t\t<div class=\"e-con-inner\">\n\t\t\t\t<div class=\"elementor-element elementor-element-f52f8ad elementor-widget elementor-widget-heading\" data-id=\"f52f8ad\" data-element_type=\"widget\" data-e-type=\"widget\" data-widget_type=\"heading.default\">\n\t\t\t\t<div class=\"elementor-widget-container\">\n\t\t\t\t\t<h4 class=\"elementor-heading-title elementor-size-default\">Mit navn er Ela, jeg er 38 \u00e5r og uddannet fotograf med 15 \u00e5rs erfaring. Allerede fra en tidlig alder vidste jeg, at jeg ville arbejde inden for det kreative univers. Fotografi er for mig mere end et arbejde \u2013 det er en passion, hvor jeg kombinerer min hobby med mit faglige virke. Gennem mit kamera skaber jeg minder og \u00f8jeblikke, der kan bevares for altid.  \n\nJeg arbejder som professionel fotograf i K\u00f8benhavn og tilbyder blandt andet portr\u00e6tfotografering, bryllupsfotografering, b\u00f8rnefotografering, graviditetsfotografering, familiefotografering samt erhvervs- og reklamefotografering.  \n\nVelkommen til mit kreative univers! Hvis du s\u00f8ger professionelle og unikke billeder, er du altid velkommen til at kontakte mig \u2013 jeg gl\u00e6der mig til at hj\u00e6lpe dig med at skabe minder, der varer.  \n<\/h4>\t\t\t\t<\/div>\n\t\t\t\t<\/div>\n\t\t\t\t\t<\/div>\n\t\t\t\t<\/div>\n\t\t\t\t<\/div>\n\t\t","protected":false},"excerpt":{"rendered":"<p>Mit navn er Ela, jeg er 38 \u00e5r og uddannet fotograf med 15 \u00e5rs erfaring. Allerede fra en tidlig alder vidste jeg, at jeg ville arbejde inden for det kreative univers. Fotografi er for mig mere end et arbejde \u2013 det er en passion, hvor jeg kombinerer min hobby med mit faglige virke. Gennem mit &hellip; <\/p>\n<p class=\"link-more\"><a href=\"https:\/\/elart.dk\/index.php\/om\/\" class=\"more-link\">L\u00e6s videre<span class=\"screen-reader-text\"> &#8220;Om mig&#8221;<\/span><\/a><\/p>\n","protected":false},"author":1,"featured_media":564,"parent":0,"menu_order":0,"comment_status":"closed","ping_status":"closed","template":"","meta":{"footnotes":""},"class_list":["post-20","page","type-page","status-publish","has-post-thumbnail","hentry"],"yoast_head":"<!-- This site is optimized with the Yoast SEO plugin v27.3 - https:\/\/yoast.com\/product\/yoast-seo-wordpress\/ -->\n<title>Om mig - Elart.dk<\/title>\n<meta name=\"robots\" content=\"index, follow, max-snippet:-1, max-image-preview:large, max-video-preview:-1\" \/>\n<link rel=\"canonical\" href=\"https:\/\/elart.dk\/index.php\/om\/\" \/>\n<meta property=\"og:locale\" content=\"da_DK\" \/>\n<meta property=\"og:type\" content=\"article\" \/>\n<meta property=\"og:title\" content=\"Om mig - Elart.dk\" \/>\n<meta property=\"og:description\" content=\"Mit navn er Ela, jeg er 38 \u00e5r og uddannet fotograf med 15 \u00e5rs erfaring. Allerede fra en tidlig alder vidste jeg, at jeg ville arbejde inden for det kreative univers. Fotografi er for mig mere end et arbejde \u2013 det er en passion, hvor jeg kombinerer min hobby med mit faglige virke. Gennem mit &hellip; L\u00e6s videre &quot;Om mig&quot;\" \/>\n<meta property=\"og:url\" content=\"https:\/\/elart.dk\/index.php\/om\/\" \/>\n<meta property=\"og:site_name\" content=\"Elart.dk\" \/>\n<meta property=\"article:modified_time\" content=\"2025-09-17T07:33:12+00:00\" \/>\n<meta property=\"og:image\" content=\"https:\/\/elart.dk\/wp-content\/uploads\/2024\/07\/ELA_840.jpg\" \/>\n\t<meta property=\"og:image:width\" content=\"2000\" \/>\n\t<meta property=\"og:image:height\" content=\"1052\" \/>\n\t<meta property=\"og:image:type\" content=\"image\/jpeg\" \/>\n<meta name=\"twitter:card\" content=\"summary_large_image\" \/>\n<meta name=\"twitter:label1\" content=\"Estimeret l\u00e6setid\" \/>\n\t<meta name=\"twitter:data1\" content=\"1 minut\" \/>\n<script type=\"application\/ld+json\" class=\"yoast-schema-graph\">{\"@context\":\"https:\\\/\\\/schema.org\",\"@graph\":[{\"@type\":\"WebPage\",\"@id\":\"https:\\\/\\\/elart.dk\\\/index.php\\\/om\\\/\",\"url\":\"https:\\\/\\\/elart.dk\\\/index.php\\\/om\\\/\",\"name\":\"Om mig - Elart.dk\",\"isPartOf\":{\"@id\":\"https:\\\/\\\/elart.dk\\\/#website\"},\"primaryImageOfPage\":{\"@id\":\"https:\\\/\\\/elart.dk\\\/index.php\\\/om\\\/#primaryimage\"},\"image\":{\"@id\":\"https:\\\/\\\/elart.dk\\\/index.php\\\/om\\\/#primaryimage\"},\"thumbnailUrl\":\"https:\\\/\\\/elart.dk\\\/wp-content\\\/uploads\\\/2024\\\/07\\\/ELA_840.jpg\",\"datePublished\":\"2024-07-01T14:15:49+00:00\",\"dateModified\":\"2025-09-17T07:33:12+00:00\",\"breadcrumb\":{\"@id\":\"https:\\\/\\\/elart.dk\\\/index.php\\\/om\\\/#breadcrumb\"},\"inLanguage\":\"da-DK\",\"potentialAction\":[{\"@type\":\"ReadAction\",\"target\":[\"https:\\\/\\\/elart.dk\\\/index.php\\\/om\\\/\"]}]},{\"@type\":\"ImageObject\",\"inLanguage\":\"da-DK\",\"@id\":\"https:\\\/\\\/elart.dk\\\/index.php\\\/om\\\/#primaryimage\",\"url\":\"https:\\\/\\\/elart.dk\\\/wp-content\\\/uploads\\\/2024\\\/07\\\/ELA_840.jpg\",\"contentUrl\":\"https:\\\/\\\/elart.dk\\\/wp-content\\\/uploads\\\/2024\\\/07\\\/ELA_840.jpg\",\"width\":2000,\"height\":1052},{\"@type\":\"BreadcrumbList\",\"@id\":\"https:\\\/\\\/elart.dk\\\/index.php\\\/om\\\/#breadcrumb\",\"itemListElement\":[{\"@type\":\"ListItem\",\"position\":1,\"name\":\"Hjem\",\"item\":\"https:\\\/\\\/elart.dk\\\/\"},{\"@type\":\"ListItem\",\"position\":2,\"name\":\"Om mig\"}]},{\"@type\":\"WebSite\",\"@id\":\"https:\\\/\\\/elart.dk\\\/#website\",\"url\":\"https:\\\/\\\/elart.dk\\\/\",\"name\":\"elart.dk\",\"description\":\"Elart.dk\",\"publisher\":{\"@id\":\"https:\\\/\\\/elart.dk\\\/#\\\/schema\\\/person\\\/7de5819f252f59336b554dbf63958e3c\"},\"potentialAction\":[{\"@type\":\"SearchAction\",\"target\":{\"@type\":\"EntryPoint\",\"urlTemplate\":\"https:\\\/\\\/elart.dk\\\/?s={search_term_string}\"},\"query-input\":{\"@type\":\"PropertyValueSpecification\",\"valueRequired\":true,\"valueName\":\"search_term_string\"}}],\"inLanguage\":\"da-DK\"},{\"@type\":[\"Person\",\"Organization\"],\"@id\":\"https:\\\/\\\/elart.dk\\\/#\\\/schema\\\/person\\\/7de5819f252f59336b554dbf63958e3c\",\"name\":\"admin\",\"image\":{\"@type\":\"ImageObject\",\"inLanguage\":\"da-DK\",\"@id\":\"https:\\\/\\\/elart.dk\\\/wp-content\\\/uploads\\\/2024\\\/07\\\/cropped-ELAS-LOGO-1.png\",\"url\":\"https:\\\/\\\/elart.dk\\\/wp-content\\\/uploads\\\/2024\\\/07\\\/cropped-ELAS-LOGO-1.png\",\"contentUrl\":\"https:\\\/\\\/elart.dk\\\/wp-content\\\/uploads\\\/2024\\\/07\\\/cropped-ELAS-LOGO-1.png\",\"width\":896,\"height\":250,\"caption\":\"admin\"},\"logo\":{\"@id\":\"https:\\\/\\\/elart.dk\\\/wp-content\\\/uploads\\\/2024\\\/07\\\/cropped-ELAS-LOGO-1.png\"},\"sameAs\":[\"http:\\\/\\\/elart.dk\"]}]}<\/script>\n<!-- \/ Yoast SEO plugin. -->","yoast_head_json":{"title":"Om mig - Elart.dk","robots":{"index":"index","follow":"follow","max-snippet":"max-snippet:-1","max-image-preview":"max-image-preview:large","max-video-preview":"max-video-preview:-1"},"canonical":"https:\/\/elart.dk\/index.php\/om\/","og_locale":"da_DK","og_type":"article","og_title":"Om mig - Elart.dk","og_description":"Mit navn er Ela, jeg er 38 \u00e5r og uddannet fotograf med 15 \u00e5rs erfaring. Allerede fra en tidlig alder vidste jeg, at jeg ville arbejde inden for det kreative univers. Fotografi er for mig mere end et arbejde \u2013 det er en passion, hvor jeg kombinerer min hobby med mit faglige virke. Gennem mit &hellip; L\u00e6s videre \"Om mig\"","og_url":"https:\/\/elart.dk\/index.php\/om\/","og_site_name":"Elart.dk","article_modified_time":"2025-09-17T07:33:12+00:00","og_image":[{"width":2000,"height":1052,"url":"https:\/\/elart.dk\/wp-content\/uploads\/2024\/07\/ELA_840.jpg","type":"image\/jpeg"}],"twitter_card":"summary_large_image","twitter_misc":{"Estimeret l\u00e6setid":"1 minut"},"schema":{"@context":"https:\/\/schema.org","@graph":[{"@type":"WebPage","@id":"https:\/\/elart.dk\/index.php\/om\/","url":"https:\/\/elart.dk\/index.php\/om\/","name":"Om mig - Elart.dk","isPartOf":{"@id":"https:\/\/elart.dk\/#website"},"primaryImageOfPage":{"@id":"https:\/\/elart.dk\/index.php\/om\/#primaryimage"},"image":{"@id":"https:\/\/elart.dk\/index.php\/om\/#primaryimage"},"thumbnailUrl":"https:\/\/elart.dk\/wp-content\/uploads\/2024\/07\/ELA_840.jpg","datePublished":"2024-07-01T14:15:49+00:00","dateModified":"2025-09-17T07:33:12+00:00","breadcrumb":{"@id":"https:\/\/elart.dk\/index.php\/om\/#breadcrumb"},"inLanguage":"da-DK","potentialAction":[{"@type":"ReadAction","target":["https:\/\/elart.dk\/index.php\/om\/"]}]},{"@type":"ImageObject","inLanguage":"da-DK","@id":"https:\/\/elart.dk\/index.php\/om\/#primaryimage","url":"https:\/\/elart.dk\/wp-content\/uploads\/2024\/07\/ELA_840.jpg","contentUrl":"https:\/\/elart.dk\/wp-content\/uploads\/2024\/07\/ELA_840.jpg","width":2000,"height":1052},{"@type":"BreadcrumbList","@id":"https:\/\/elart.dk\/index.php\/om\/#breadcrumb","itemListElement":[{"@type":"ListItem","position":1,"name":"Hjem","item":"https:\/\/elart.dk\/"},{"@type":"ListItem","position":2,"name":"Om mig"}]},{"@type":"WebSite","@id":"https:\/\/elart.dk\/#website","url":"https:\/\/elart.dk\/","name":"elart.dk","description":"Elart.dk","publisher":{"@id":"https:\/\/elart.dk\/#\/schema\/person\/7de5819f252f59336b554dbf63958e3c"},"potentialAction":[{"@type":"SearchAction","target":{"@type":"EntryPoint","urlTemplate":"https:\/\/elart.dk\/?s={search_term_string}"},"query-input":{"@type":"PropertyValueSpecification","valueRequired":true,"valueName":"search_term_string"}}],"inLanguage":"da-DK"},{"@type":["Person","Organization"],"@id":"https:\/\/elart.dk\/#\/schema\/person\/7de5819f252f59336b554dbf63958e3c","name":"admin","image":{"@type":"ImageObject","inLanguage":"da-DK","@id":"https:\/\/elart.dk\/wp-content\/uploads\/2024\/07\/cropped-ELAS-LOGO-1.png","url":"https:\/\/elart.dk\/wp-content\/uploads\/2024\/07\/cropped-ELAS-LOGO-1.png","contentUrl":"https:\/\/elart.dk\/wp-content\/uploads\/2024\/07\/cropped-ELAS-LOGO-1.png","width":896,"height":250,"caption":"admin"},"logo":{"@id":"https:\/\/elart.dk\/wp-content\/uploads\/2024\/07\/cropped-ELAS-LOGO-1.png"},"sameAs":["http:\/\/elart.dk"]}]}},"_links":{"self":[{"href":"https:\/\/elart.dk\/index.php\/wp-json\/wp\/v2\/pages\/20","targetHints":{"allow":["GET"]}}],"collection":[{"href":"https:\/\/elart.dk\/index.php\/wp-json\/wp\/v2\/pages"}],"about":[{"href":"https:\/\/elart.dk\/index.php\/wp-json\/wp\/v2\/types\/page"}],"author":[{"embeddable":true,"href":"https:\/\/elart.dk\/index.php\/wp-json\/wp\/v2\/users\/1"}],"replies":[{"embeddable":true,"href":"https:\/\/elart.dk\/index.php\/wp-json\/wp\/v2\/comments?post=20"}],"version-history":[{"count":141,"href":"https:\/\/elart.dk\/index.php\/wp-json\/wp\/v2\/pages\/20\/revisions"}],"predecessor-version":[{"id":2841,"href":"https:\/\/elart.dk\/index.php\/wp-json\/wp\/v2\/pages\/20\/revisions\/2841"}],"wp:featuredmedia":[{"embeddable":true,"href":"https:\/\/elart.dk\/index.php\/wp-json\/wp\/v2\/media\/564"}],"wp:attachment":[{"href":"https:\/\/elart.dk\/index.php\/wp-json\/wp\/v2\/media?parent=20"}],"curies":[{"name":"wp","href":"https:\/\/api.w.org\/{rel}","templated":true}]}}